-4*t, i = 5*t + 20 - 7. Let o be (2/t + -15)/(-2). Suppose -10 = -3*x + o*x, -2*x = 4*r - 52. Is r prime?
False
Let z be (-2 + 3)*(1829 + 6). Suppose 2*g + 3*a + a - 1210 = 0, 3*g = -a + z. Is g a composite number?
False
Let r(w) = 100*w**3 - w**2 + w. Let z be (-25)/(-15) + (-4)/6. Let m be r(z). Let q = 319 - m. Is q composite?
True
Is 43866/4*(-32)/(-48) a composite number?
True
Suppose 37*b - 62790 = 106189. Is b prime?
True
Suppose 4*t - 2919 = 5*b + 143, -4*t = 2*b - 3048. Suppose 4*d + 5*i = 6*d - t, -i - 1164 = -3*d. Is d composite?
False
Suppose -2*m + 17170 = 4*p, -8*p + 7*p = -2*m + 17160. Is m composite?
False
Let v = -2067 + 23210. Is v a prime number?
True
Suppose 0 = 3*l - 9, -5*l = g - 7901 + 2583. Is g a prime number?
True
Let v be (-50)/(-15)*(-18)/(-10). Suppose -12 = 2*k + v. Let r(m) = -m**3 - 7*m**2 - 9*m + 4. Is r(k) prime?
False
Suppose 11*n + 0*n = 270391. Is n a composite number?
True
Let g(r) = 3*r**3 + 3*r**2 - 4*r + 305. Suppose 6 = 8*v - 34. Let z(t) = 4*t**3 + 4*t**2 - 5*t + 306. Let w(y) = v*g(y) - 4*z(y). Is w(0) prime?
False
Let a(k) = -1797*k + 7. Let y be a(-1). Suppose g - 3583 = -g - 3*r, -y = -g + r. Is g a composite number?
True
Suppose 1664 = 2*i + 3*v + 151, 4*v = -i + 769. Is i a composite number?
True
Let m = 2 - -1. Suppose m*k - 118 - 77 = 0. Is 1/3*(k - 2) a composite number?
True
Let t = 12865 + 23368. Is t prime?
False
Suppose -2*z - 2221 = 369. Is z/(-15) + (-4)/(-6) a prime number?
False
Suppose 5*s - 18*j = -14*j + 134971, -4*s - 5*j = -107985. Is s a composite number?
True
Let b(x) = -x**3 + x**2. Let v be b(1). Suppose 5*d + 0*d - 10 = v. Is (149 - 0)/(d + -1) a composite number?
False
Let c(j) = -j + 10. Let t be c(8). Let y be 7 + (-1 + t - 4). Suppose -3*b + 4*b + 4*k - 235 = 0, -12 = -y*k. Is b a prime number?
True
Suppose 3*y = 5*l - 2, 2*l + 23 = -2*y + 11. Suppose -2*n = r - 3 - 2, 5*r - n - 14 = 0. Is 3 + (121 + l - r) prime?
False
Suppose m - 1 = 3. Let l be 36/288 + (-111)/(-8). Is m/l - 2372/(-28) prime?
False
Let k = 3045 + 1882. Is k composite?
True
Is (-23)/(24/(-60) + (-663)/(-1695)) a prime number?
False
Let k(p) = -325*p - 1168. Is k(-47) a prime number?
True
Let c(l) = 3*l**3 - 5*l**2 - 2*l + 6. Let t be c(-5). Let o be t/(-55)*(-1 + 36). Let g = o + -106. Is g a composite number?
True
Let o = 15716 + -11169. Is o a prime number?
True
Suppose 2286 = 4*r - 1002. Suppose 0 = x - 575 - r. Is x a composite number?
True
Let t = 40003 - 14820. Is t a prime number?
True
Let x = -42 + 34. Let u(l) = -l**3 - 8*l**2 - l - 6. Let y be u(x). Suppose 0 = -p + 4, -4*p = y*q - 7*p - 850. Is q a composite number?
False
Let a = 61 - 36. Suppose -2*b + 3*q + a = 0, -2*b + 6*b - 45 = 5*q. Suppose 5*s = -w + 139, -b*w - 3*s + 615 = 2*s. Is w composite?
True
Suppose -8*p + t + 2530 = -3*p, 0 = -4*p + 3*t + 2035. Let z = p + 174. Is z composite?
True
Let v be (-66)/(3 + (-4 - 0)). Let d = 985 - v. Is d prime?
True
Let v be (4 + 0)*20/40. Let a(k) = -4 + 2*k**v + 9*k - 8*k + 4*k**2. Is a(3) composite?
False
Let u(p) be the third derivative of -9*p**4/4 - 23*p**3/6 + p**2. Is u(-10) composite?
True
Suppose -y + 279 = 2*y. Let u = y + 58. Suppose 207 = 2*k - u. Is k a prime number?
True
Let b = 134 - 131. Is 4 - (-436 - (b + 2)) prime?
False
Let d(w) = -2*w - 12. Let m be d(-7). Suppose -3*l - 2960 = m*l. Let x = -407 - l. Is x composite?
True
Suppose -2*s + 543 + 1215 = 0. Is s prime?
False
Suppose -5*k + 4*w + 38869 = -202016, w = 2*k - 96357. Is k a prime number?
False
Let b be 6*2/(-3) - -6. Let o(k) = -k**2 + 7*k - 5. Let n be o(b). Suppose -2*r = -n*r + 345. Is r prime?
False
Let u(h) = -3938*h**3 - 21*h**2 - 73*h - 7. Is u(-3) composite?
False
Let h = 37 + -34. Suppose d - 8 = -3*u, h*d + 7*u - 2*u = 20. Suppose 0 = -3*m - 3*v + 321 + 21, -m + d*v + 120 = 0. Is m a prime number?
False
Let x be (-14)/4*7/((-49)/4). Suppose -x*p + 34463 = 11*p. Is p a prime number?
False
Suppose 0 = 51*i + 18*i - 2069517. Is i prime?
False
Let j = 63491 + 26552. Is j a composite number?
True
Suppose 38*b + 122618 = 112*b. Is b a prime number?
True
Let o(k) = -k**3 + 7*k**2 - 6*k - 16. Let y be o(6). Let g = y - -99. Is g a composite number?
False
Let h = -21 + 18. Let q(l) = -116*l + 7. Is q(h) a composite number?
True
Let x = -6 + 9. Let b = -22 - -26. Suppose b*s - x*s - 49 = 0. Is s a composite number?
True
Suppose 2*i + 4083 = 3*h - 3185, 7278 = 3*h + 3*i. Let t = h + 929. Is t prime?
False
Suppose 5*x + 3*s = 1436, 547 + 17 = 2*x - 4*s. Let m = -468 - -316. Let d = x + m. Is d composite?
True
Is ((-275970)/(-45))/((-12)/(-18)) prime?
True
Suppose 5*i + q - 1026 = 1764, 3*i + q - 1674 = 0. Let f = i - 259. Is f a prime number?
False
Suppose 2*p = -0 + 4. Suppose -k + 788 = 3*n, -3*k + p*k = 5*n - 790. Is k a composite number?
True
Is (-280518)/(-8)*204/153 a composite number?
True
Let b(t) = -t - 9. Let y(n) = -3*n - 27. Let d(q) = 7*b(q) - 2*y(q). Let l be d(-8). Let r(x) = 56*x**2 + 2*x + 1. Is r(l) prime?
False
Let i = -6 - -31. Suppose 30*a - 1655 = i*a. Is a composite?
False
Suppose 3*a - 166 = 8*a + l, -102 = 3*a + 3*l. Let r = -46 - 8. Let h = a - r. Is h a prime number?
False
Let t = 107 - 22. Suppose 1572 + t = x. Is x a composite number?
False
Suppose -5*r - 114 = -3*d, 130 = -5*r - d - 4*d. Let p be -60 + (-1)/(1/1). Let o = r - p. Is o a prime number?
True
Let p(v) = 8*v - 22. Let z be p(-8). Let m = z + 393. Is m prime?
True
Suppose -5*j = -3*l - 10, 5*j + 4*l - 10 = -0*l. Suppose 2*h - 3*i - 515 = 0, -j*i + 49 = 5*h - 1210. Is h a composite number?
True
Suppose 0 = -8*p + p + 21. Suppose -5*n = -2*o + 3, -p*o + 10 = -2*n - 0*n. Is n + 174 + (-2 - -6) a prime number?
True
Let t(p) = p**2 + 16*p + 25. Let h be t(-14). Is (h/9)/(4/(-4956)) a composite number?
True
Let v be ((-24)/16)/(6/(-2104)). Let f = v + -820. Is -1 - -5 - 3 - f prime?
False
Suppose 7*h + 1319 = -522. Let k = h + 442. Is k a composite number?
False
Suppose 0 = -10*m + 25996 - 8226. Is m composite?
False
Let x = -15 + 12. Let a(o) = 40*o**2 + 6*o - 1. Is a(x) a prime number?
False
Suppose 0 = -n - 0*w - 5*w + 33486, 4*n - 133834 = 2*w. Is n composite?
False
Let m(p) = -27962*p**3 + p**2 + 2*p. Is m(-1) a prime number?
True
Is ((-163752)/48)/((-2)/12) a prime number?
False
Suppose 0 = 7*f + 49995 - 161036. Is f composite?
True
Is (0 + 142)/(52/9542) a prime number?
False
Let t = -56 + 260. Let y = -77 + t. Is y a composite number?
False
Suppose -5*t = 4*y + 5, -1 = 2*t + 9. Suppose q = -y*w + 3*w + 1112, 3*q + 6 = 0. Is w a prime number?
True
Let m(p) = 21 + p**2 - 10 + 0*p**2 + 10*p. Is m(16) prime?
False
Suppose 0 = 2*l + 3*z - 149, 0*l - 2*z - 325 = -5*l. Is l prime?
True
Let t(f) = -87*f**3 - 7*f**2 - 3*f + 2. Let g(x) = 174*x**3 + 13*x**2 + 5*x - 3. Let m(v) = -4*g(v) - 7*t(v). Is m(-3) a prime number?
False
Let m(b) = 3*b + 1231. Let p be m(0). Suppose 4*v + p = -4*f + 4483, v - 5*f = 813. Is v a composite number?
True
Suppose -15*w - 69453 = -194748. Is w a prime number?
True
Let z(l) = -4*l + 0*l + 2*l**3 - 6*l**2 + 0*l + 5*l. Let y be z(4). Let h = y + -17. Is h a prime number?
True
Let l = -15 + -3. Let b be 20/24 - 3/l. Is b/(4/134)*2 a prime number?
True
Let i be 3*8/12 - -358. Suppose -2*m + i = -1270. Suppose -2*w - 3*w + m = 0. Is w a composite number?
False
Let h be (-1)/3*(2 + -11). Suppose 4*g - 3460 = -4*y, -h*g - 5*y = -6*g + 2579. Is g a prime number?
True
Suppose 0 = -31*d + 42*d - 28655. Is d a composite number?
True
Let y be (-4)/(4 + -3) + 4. Suppose b + 2 = 4*s, -2*s - 5*b - 14 + 4 = y. Suppose s*o = -3*o + 597. Is o prime?
True
Let c be (-1)/(21/11 + -2). Suppose -5*r = -36 + c. Suppose -r*s + 0*s = -215. Is s composite?
False
Suppose -21 = -3*t + 60. Suppose 5*a - 2*j - t = 0, 0 = -5*a - 5*j + 4 + 16. Suppose -4*l + a = -303. Is l composite?
True
Suppose -a + 6*a = -3*c + 1588, -3*c = -2*a + 631. Is a a prime number?
True
Let j(l) = -5*l + 9*l**2 - 13 + 6*l**2 + 6*l. Is j(-6) a prime number?
True
Let u(b) = -13887*b + 14. Is u(-1) a composite number?
False
Let x = 48 + -42. Suppose x*b - 695 = b. Is b composite?
False
Let w = -103 + 1505. Is w a composite number?
True
Suppose 0 = -5*b, -5*y = -7*b + 4*b - 901535. Is y composite?
False
Suppose 0 = -12*p + 365692 - 59248. Is p a prime number?
Tr